
Is 13741 a multiple of 151?
True
Is 221 a factor of 8784?
False
Is 7 a factor of 7?
True
Does 32 divide 12097?
False
Is 228 a multiple of 6?
True
Is 8 a factor of 840?
True
Does 10 divide 12917?
False
Does 22 divide 7106?
True
Is 22 a factor of 264?
True
Is 155 a multiple of 31?
True
Is 14 a factor of 420?
True
Is 38504 a multiple of 18?
False
Is 3 a factor of 30?
True
Does 12 divide 4848?
True
Is 32 a factor of 2428?
False
Does 77 divide 1540?
True
Does 22 divide 25259?
False
Does 29 divide 73109?
True
Is 1825 a multiple of 25?
True
Is 9 a factor of 900?
True
Is 5 a factor of 11865?
True
Is 323 a factor of 49419?
True
Does 97 divide 3411?
False
Does 93 divide 18786?
True
Is 10 a factor of 200?
True
Is 36 a factor of 4356?
True
Is 20 a factor of 10344?
False
Is 8849 a multiple of 148?
False
Is 2570 a multiple of 10?
True
Does 88 divide 760?
False
Does 16 divide 33000?
False
Does 84 divide 628?
False
Is 40 a factor of 11930?
False
Is 1183 a multiple of 91?
True
Is 176 a multiple of 2?
True
Does 65 divide 676?
False
Does 94 divide 6427?
False
Does 49 divide 1176?
True
Is 20 a factor of 200?
True
Does 2 divide 12?
True
Is 34920 a multiple of 12?
True
Does 3 divide 85?
False
Is 22 a factor of 2266?
True
Is 468 a multiple of 6?
True
Is 172 a factor of 94447?
False
Does 24 divide 1314?
False
Is 850 a multiple of 25?
True
Is 6 a factor of 8502?
True
Is 6539 a multiple of 13?
True
Is 2024 a multiple of 15?
False
Does 9 divide 5580?
True
Does 116 divide 108068?
False
Is 11 a factor of 275?
True
Is 1671 a multiple of 41?
False
Does 8 divide 308?
False
Is 12 a factor of 1092?
True
Does 82 divide 295?
False
Is 20 a factor of 909?
False
Is 210 a multiple of 105?
True
Does 22 divide 2266?
True
Is 2688 a multiple of 56?
True
Is 941 a multiple of 26?
False
Does 43 divide 46485?
False
Is 8 a factor of 58584?
True
Does 4 divide 3657?
False
Is 40 a factor of 3880?
True
Is 85 a factor of 1235?
False
Does 39 divide 21216?
True
Does 102 divide 6936?
True
Does 31 divide 5363?
True
Is 60282 a multiple of 102?
True
Is 49028 a multiple of 206?
True
Is 86876 a multiple of 74?
True
Is 14 a factor of 74550?
True
Is 71200 a multiple of 8?
True
Is 136 a multiple of 8?
True
Is 23088 a multiple of 48?
True
Does 87 divide 957?
True
Is 1423 a multiple of 18?
False
Does 28 divide 28?
True
Is 1422 a multiple of 46?
False
Is 20 a factor of 1051?
False
Is 191 a factor of 5921?
True
Is 10473 a multiple of 121?
False
Is 60 a factor of 1816?
False
Is 994 a multiple of 15?
False
Is 19 a factor of 589?
True
Is 105 a factor of 1470?
True
Is 803 a multiple of 148?
False
Is 1452 a multiple of 12?
True
Does 20 divide 46300?
True
Is 21 a factor of 8777?
False
Is 15491 a multiple of 35?
False
Does 70 divide 5670?
True
Does 24 divide 5976?
True
Is 521 a multiple of 6?
False
Is 91 a factor of 374?
False
Does 18 divide 34614?
True
Is 17 a factor of 629?
True
Is 25354 a multiple of 14?
True
Is 32046 a multiple of 14?
True
Is 1344 a multiple of 7?
True
Is 3 a factor of 105?
True
Is 10 a factor of 11930?
True
Is 11024 a multiple of 16?
True
Does 8 divide 1640?
True
Is 15785 a multiple of 2?
False
Is 44 a multiple of 22?
True
Is 22225 a multiple of 5?
True
Does 21 divide 947?
False
Is 20 a factor of 1072?
False
Is 31 a factor of 2033?
False
Is 13 a factor of 3198?
True
Does 84 divide 12852?
True
Is 36 a factor of 33130?
False
Is 54 a factor of 5127?
False
Is 10776 a multiple of 24?
True
Is 63649 a multiple of 245?
False
Is 6568 a multiple of 39?
False
Is 7 a factor of 1022?
True
Is 10 a factor of 13?
False
Is 7 a factor of 2484?
False
Is 56 a factor of 3192?
True
Is 8347 a multiple of 38?
False
Does 132 divide 6996?
True
Is 8476 a multiple of 163?
True
Is 13809 a multiple of 33?
False
Is 6365 a multiple of 42?
False
Is 1282 even?
True
Does 18 divide 8831?
False
Is 91 a factor of 921?
False
Is 16 a factor of 10543?
False
Is 21729 a multiple of 5?
False
Is 680 a multiple of 85?
True
Does 58 divide 98890?
True
Is 16 a factor of 935?
False
Does 32 divide 19382?
False
Does 78 divide 12075?
False
Is 190 a factor of 5782?
False
Does 66 divide 14520?
True
Does 7 divide 1772?
False
Is 465 a multiple of 31?
True
Does 31 divide 1170?
False
Is 117845 a multiple of 14?
False
Is 64965 a multiple of 71?
True
Is 27537 a multiple of 10?
False
Is 34911 a multiple of 141?
False
Is 193 a multiple of 3?
False
Is 2090 a multiple of 10?
True
Is 1053 a multiple of 13?
True
Does 255 divide 31110?
True
Is 5 a factor of 555?
True
Does 94 divide 7332?
True
Does 70 divide 24351?
False
Is 287 a multiple of 5?
False
Does 14 divide 616?
True
Is 5742 a multiple of 66?
True
Is 12191 a multiple of 9?
False
Is 122 a factor of 6179?
False
Does 2 divide 87?
False
Is 162 a factor of 23328?
True
Does 14 divide 3658?
False
Is 94 a factor of 1262?
False
Does 9 divide 34?
False
Is 9 a factor of 936?
True
Does 113 divide 22939?
True
Is 86498 a multiple of 122?
True
Does 46 divide 4076?
False
Is 46009 a multiple of 139?
True
Is 31464 a multiple of 19?
True
Is 50460 a multiple of 87?
True
Is 8404 a multiple of 44?
True
Does 76 divide 1824?
True
Does 18 divide 11538?
True
Is 18 a factor of 654?
False
Is 9488 a multiple of 64?
False
Does 36 divide 540?
True
Does 9 divide 11971?
False
Is 3 a factor of 3136?
False
Is 8772 a multiple of 41?
False
Is 11408 a multiple of 46?
True
Does 78 divide 22609?
False
Is 193561 a multiple of 23?
False
Is 44436 a multiple of 92?
True
Is 5026 a multiple of 7?
True
Is 63 a factor of 1305?
False
Does 7 divide 11921?
True
Is 95 a factor of 1938?
False
Is 8568 a multiple of 68?
True
Is 3096 a multiple of 72?
True
Is 620 a multiple of 70?
False
Is 3048 a multiple of 13?
False
Does 56 divide 3623?
False
Is 44804 a multiple of 327?
False
Is 3193 a multiple of 31?
True
Is 7 a factor of 3448?
False
Does 253 divide 38883?
False
Does 4 divide 5502?
False
Is 1440 a multiple of 40?
True
Is 1016 a multiple of 56?
False
Is 4 a factor of 357?
False
Is 3198 a multiple of 41?
True
Is 24 a factor of 3589?
False
Is 20280 a multiple of 24?
True
Does 81 divide 6085?
False
Is 46946 a multiple of 22?
False
Is 7 a factor of 116?
False
Is 606 a multiple of 14?
False
Is 23055 a multiple of 265?
True
Is 6941 a multiple of 2?
False
Does 20 divide 50091?
False
Does 17 divide 15844?
True
Is 79 a factor of 6507?
False
Does 31 divide 15008?
False
Is 3521 a multiple of 7?
True
Is 868 a multiple of 15?
False
Does 29 divide 1256?
False
Is 5616 a multiple of 39?
True
Is 27912 a multiple of 12?
True
Is 83088 a multiple of 12?
True
Is 30 a factor of 21030?
True
Is 3920 a multiple of 70?
True
Is 1514 a multiple of 4?
False
Is 712 a multiple of 4?
True
Is 5484 a multiple of 31?
False
Does 3 divide 276?
True
Is 1451 even?
False
Is 6 a factor of 41?
False
Does 55 divide 6758?
False
Does 34 divide 442?
True
Does 11 divide 3916?
True
Does 3 divide 244?
False
Is 7 a factor of 2549?
False
Is 181 a multiple of 17?
False
Is 21973 a multiple of 15?
False
Is 6 a factor of 282?
True
Is 2 a factor of 128?
True
Does 7 divide 574?
True
Is 14736 a multiple of 48?
True
Is 16920 a multiple of 60?
True
Is 3750 a multiple of 10?
True
Is 6 a factor of 630?
True
Is 11 a factor of 1240?
False
Is 7242 a multiple of 58?
False
Is 63 a factor of 5022?
False
Is 29 a factor of 956?
False
Is 33 a factor of 7337?
False
Is 5 a factor of 370?
True
Is 98 a multiple of 14?
True
Does 4 divide 513?
False
Is 2535 a multiple of 16?
False
Does 23 divide 828?
True
Is 267 a multiple of 36?
False
Is 15968 a multiple of 16?
True
Does 33 divide 34188?
True
Is 73 a factor of 45814?
False
Is 206 a multiple of 29?
False
Is 120 a factor of 22947?
False
Is 3 a factor of 406?
False
Is 42 a factor of 50568?
True
Does 20 divide 475?
False
Does 19 divide 9742?
False
Does 10 divide 1360?
True
Does 111 divide 16677?
False
Does 10 divide 2210?
True
Does 49 divide 2029?
False
Is 3132 a multiple of 27?
True
Is 8 a factor of 291?
False
Is 970 a multiple of 97?
True
Is 203 even?
False
Is 3222 a multiple of 9?
True
Is 5 a factor of 59?
False
Is 10 a factor of 13460?
True
Is 36 a factor of 108?
True
Does 11 divide 59279?
True
Does 75 divide 333?
False
Is 2041 a multiple of 4?
False
Is 3345 a multiple of 5?
True
Is 6 a factor of 640?
False
Is 44 a factor of 440?
True
Is 28 a factor of 25844?
True
Is 338 a mult